{"id":3613,"date":"2021-04-09T09:58:28","date_gmt":"2021-04-09T07:58:28","guid":{"rendered":"http:\/\/tennis.manuel-jasper.de\/?page_id=3613"},"modified":"2026-03-15T22:15:37","modified_gmt":"2026-03-15T21:15:37","slug":"onlineshops","status":"publish","type":"page","link":"https:\/\/www.club-tennis-point.de\/gtv\/onlineshops\/","title":{"rendered":"Shops"},"content":{"rendered":"<div class=\"wpb-content-wrapper\">[vc_row full_width=&#8220;stretch_row_content_no_spaces&#8220;][vc_column]<div class=\"ttbase-spacer\" style=\"height: 50px;\"><\/div>\n\t\t\t<section class=\"ttbase-content-image image-edge\">\n\t\t\t    <div class=\"col-md-6 col-sm-4 pd0 col-md-push-6 col-sm-push-8\">\n\t\t\t        <img loading=\"lazy\" decoding=\"async\" width=\"1420\" height=\"576\" src=\"https:\/\/www.club-tennis-point.de\/gtv\/wp-content\/uploads\/2021\/04\/tennis-point.jpg\" class=\"mb-xs-24\" alt=\"\" srcset=\"https:\/\/www.club-tennis-point.de\/gtv\/wp-content\/uploads\/2021\/04\/tennis-point.jpg 1420w, https:\/\/www.club-tennis-point.de\/gtv\/wp-content\/uploads\/2021\/04\/tennis-point-300x122.jpg 300w, https:\/\/www.club-tennis-point.de\/gtv\/wp-content\/uploads\/2021\/04\/tennis-point-1024x415.jpg 1024w, https:\/\/www.club-tennis-point.de\/gtv\/wp-content\/uploads\/2021\/04\/tennis-point-768x312.jpg 768w\" sizes=\"auto, (max-width: 1420px) 100vw, 1420px\" \/>\n\t\t\t    <\/div>\n\t\t\t    <div class=\"container\">\n\t\t\t        <div class=\"col-md-5 col-md-pull-0 col-sm-7 col-sm-pull-4 v-align-transform\">\n\t\t\t            <h2 class=\"ttbase-heading text-align-left \" style=\"color: undefined;margin-bottom: 30px;margin-top: 30px;\"><span>TENNIS-POINT<\/span><\/h2><p class=\"intro left\" style=\"color:#707573;\">Dein Onlineshop rund ums Tennis. Gebt beim Kauf einfach unseren GTV Club Tennis-Point Gutschein:\u00a0<strong>CLUBDE_GT2073ACE<\/strong> ein und sichert euch bis zu 10% Rabatt: www.tennis-point.de<\/p>\n<div class=\"ttbase-spacer\" style=\"height: 30px;\"><\/div><a href=\"http:\/\/www.tennis-point.de\" class=\"btn btn-primary style-2 \" target=\"_self\" title=\"Jetzt Shoppen\" rel=\"\"><span class=\"ttbase-button-inner\">Jetzt Shoppen<\/span><\/a>\n\t\t\t        <\/div>\n\t\t\t    <\/div>\n\t\t\t<\/section>\n\t\t<div class=\"ttbase-spacer\" style=\"height: 50px;\"><\/div>[\/vc_column][\/vc_row][vc_row bg_type=&#8220;color&#8220; bg_color=&#8220;#f2f2f3&#8243; full_width=&#8220;stretch_row_content&#8220;][vc_column]<div class=\"ttbase-spacer\" style=\"height: 50px;\"><\/div>\n\t\t\t<section class=\"ttbase-content-image image-edge\">\n\t\t\t    <div class=\"col-md-6 col-sm-4 pd0\">\n\t\t\t    \t<img loading=\"lazy\" decoding=\"async\" width=\"1420\" height=\"576\" src=\"https:\/\/www.club-tennis-point.de\/gtv\/wp-content\/uploads\/2022\/08\/padel-point.jpg\" class=\"mb-xs-24 img-responsive\" alt=\"\" srcset=\"https:\/\/www.club-tennis-point.de\/gtv\/wp-content\/uploads\/2022\/08\/padel-point.jpg 1420w, https:\/\/www.club-tennis-point.de\/gtv\/wp-content\/uploads\/2022\/08\/padel-point-300x122.jpg 300w, https:\/\/www.club-tennis-point.de\/gtv\/wp-content\/uploads\/2022\/08\/padel-point-1024x415.jpg 1024w, https:\/\/www.club-tennis-point.de\/gtv\/wp-content\/uploads\/2022\/08\/padel-point-768x312.jpg 768w\" sizes=\"auto, (max-width: 1420px) 100vw, 1420px\" \/>\n\t\t\t    <\/div>\n\t\t\t    <div class=\"container\">\n\t\t\t        <div class=\"col-md-5 col-md-offset-1 col-sm-7 col-sm-offset-1 v-align-transform right\">\n\t\t\t            <h2 class=\"ttbase-heading text-align-left \" style=\"color: undefined;margin-bottom: 30px;margin-top: 30px;\"><span>PADEL-POINT<\/span><\/h2><p class=\"intro left\" style=\"color:#707573;\">Hier bekommst du alles was f\u00fcr du f\u00fcr dein Padelspiel ben\u00f6tigst.<\/p>\n<div class=\"ttbase-spacer\" style=\"height: 30px;\"><\/div><a href=\"http:\/\/www.padel-point.de\" class=\"btn btn-primary style-2 \" target=\"_self\" title=\"Zum Padel Equipment\" rel=\"\"><span class=\"ttbase-button-inner\">Zum Padel Equipment<\/span><\/a>\n\t\t\t        <\/div>\n\t\t\t    <\/div>\n\t\t\t<\/section>\n\t\t<div class=\"ttbase-spacer\" style=\"height: 100px;\"><\/div>\n\t\t\t<section class=\"ttbase-content-image image-edge\">\n\t\t\t    <div class=\"col-md-6 col-sm-4 pd0 col-md-push-6 col-sm-push-8\">\n\t\t\t        <img loading=\"lazy\" decoding=\"async\" width=\"1420\" height=\"576\" src=\"https:\/\/www.club-tennis-point.de\/gtv\/wp-content\/uploads\/2022\/08\/running-point.jpg\" class=\"mb-xs-24\" alt=\"\" srcset=\"https:\/\/www.club-tennis-point.de\/gtv\/wp-content\/uploads\/2022\/08\/running-point.jpg 1420w, https:\/\/www.club-tennis-point.de\/gtv\/wp-content\/uploads\/2022\/08\/running-point-300x122.jpg 300w, https:\/\/www.club-tennis-point.de\/gtv\/wp-content\/uploads\/2022\/08\/running-point-1024x415.jpg 1024w, https:\/\/www.club-tennis-point.de\/gtv\/wp-content\/uploads\/2022\/08\/running-point-768x312.jpg 768w\" sizes=\"auto, (max-width: 1420px) 100vw, 1420px\" \/>\n\t\t\t    <\/div>\n\t\t\t    <div class=\"container\">\n\t\t\t        <div class=\"col-md-5 col-md-pull-0 col-sm-7 col-sm-pull-4 v-align-transform\">\n\t\t\t            <h2 class=\"ttbase-heading text-align-left \" style=\"color: undefined;margin-bottom: 30px;margin-top: 30px;\"><span>RUNNING-POINT<\/span><\/h2><p class=\"intro left\" style=\"color:#707573;\">Laufschuhe, Laufbekleidung und Laufzubeh\u00f6r &#8211; Online kaufen bei www.running-point.de<\/p>\n<div class=\"ttbase-spacer\" style=\"height: 30px;\"><\/div><a href=\"http:\/\/www.running-point.de\" class=\"btn btn-primary style-2 \" target=\"_self\" title=\"Jetzt Shoppen\" rel=\"\"><span class=\"ttbase-button-inner\">Jetzt Shoppen<\/span><\/a>\n\t\t\t        <\/div>\n\t\t\t    <\/div>\n\t\t\t<\/section>\n\t\t[\/vc_column][\/vc_row]\n<\/div>","protected":false},"excerpt":{"rendered":"<p>[vc_row full_width=&#8220;stretch_row_content_no_spaces&#8220;][vc_column][\/vc_column][\/vc_row][vc_row bg_type=&#8220;color&#8220; bg_color=&#8220;#f2f2f3&#8243; full_width=&#8220;stretch_row_content&#8220;][vc_column][\/vc_column][\/vc_row]<\/p>\n<div class=\"read-more-link-wrapper text-center\"><a class=\"read-more-link\" href=\"https:\/\/www.club-tennis-point.de\/gtv\/onlineshops\/\"><i class=\"icon-next\"><\/i>Weiterlesen<\/a><\/div>\n","protected":false},"author":1,"featured_media":0,"parent":0,"menu_order":0,"comment_status":"closed","ping_status":"closed","template":"","meta":{"footnotes":""},"class_list":["post-3613","page","type-page","status-publish","hentry"],"yoast_head":"<!-- This site is optimized with the Yoast SEO plugin v27.1.1 - https:\/\/yoast.com\/product\/yoast-seo-wordpress\/ -->\n<title>Shops - GTV - Club Tennis-Point<\/title>\n<meta name=\"robots\" content=\"index, follow, max-snippet:-1, max-image-preview:large, max-video-preview:-1\" \/>\n<link rel=\"canonical\" href=\"https:\/\/www.club-tennis-point.de\/gtv\/onlineshops\/\" \/>\n<meta property=\"og:locale\" content=\"de_DE\" \/>\n<meta property=\"og:type\" content=\"article\" \/>\n<meta property=\"og:title\" content=\"Shops - GTV - Club Tennis-Point\" \/>\n<meta property=\"og:description\" content=\"[vc_row full_width=&#8220;stretch_row_content_no_spaces&#8220;][vc_column][\/vc_column][\/vc_row][vc_row bg_type=&#8220;color&#8220; bg_color=&#8220;#f2f2f3&#8243; full_width=&#8220;stretch_row_content&#8220;][vc_column][\/vc_column][\/vc_row]Weiterlesen\" \/>\n<meta property=\"og:url\" content=\"https:\/\/www.club-tennis-point.de\/gtv\/onlineshops\/\" \/>\n<meta property=\"og:site_name\" content=\"GTV - Club Tennis-Point\" \/>\n<meta property=\"article:modified_time\" content=\"2026-03-15T21:15:37+00:00\" \/>\n<meta name=\"twitter:card\" content=\"summary_large_image\" \/>\n<meta name=\"twitter:label1\" content=\"Gesch\u00e4tzte Lesezeit\" \/>\n\t<meta name=\"twitter:data1\" content=\"2\u00a0Minuten\" \/>\n<script type=\"application\/ld+json\" class=\"yoast-schema-graph\">{\"@context\":\"https:\/\/schema.org\",\"@graph\":[{\"@type\":\"WebPage\",\"@id\":\"https:\/\/www.club-tennis-point.de\/gtv\/onlineshops\/\",\"url\":\"https:\/\/www.club-tennis-point.de\/gtv\/onlineshops\/\",\"name\":\"Shops - GTV - Club Tennis-Point\",\"isPartOf\":{\"@id\":\"https:\/\/www.club-tennis-point.de\/gtv\/#website\"},\"datePublished\":\"2021-04-09T07:58:28+00:00\",\"dateModified\":\"2026-03-15T21:15:37+00:00\",\"breadcrumb\":{\"@id\":\"https:\/\/www.club-tennis-point.de\/gtv\/onlineshops\/#breadcrumb\"},\"inLanguage\":\"de\",\"potentialAction\":[{\"@type\":\"ReadAction\",\"target\":[\"https:\/\/www.club-tennis-point.de\/gtv\/onlineshops\/\"]}]},{\"@type\":\"BreadcrumbList\",\"@id\":\"https:\/\/www.club-tennis-point.de\/gtv\/onlineshops\/#breadcrumb\",\"itemListElement\":[{\"@type\":\"ListItem\",\"position\":1,\"name\":\"Startseite\",\"item\":\"https:\/\/www.club-tennis-point.de\/gtv\/\"},{\"@type\":\"ListItem\",\"position\":2,\"name\":\"Shops\"}]},{\"@type\":\"WebSite\",\"@id\":\"https:\/\/www.club-tennis-point.de\/gtv\/#website\",\"url\":\"https:\/\/www.club-tennis-point.de\/gtv\/\",\"name\":\"GTV - Club Tennis-Point\",\"description\":\"Tennisclub der Zukunft\",\"potentialAction\":[{\"@type\":\"SearchAction\",\"target\":{\"@type\":\"EntryPoint\",\"urlTemplate\":\"https:\/\/www.club-tennis-point.de\/gtv\/?s={search_term_string}\"},\"query-input\":{\"@type\":\"PropertyValueSpecification\",\"valueRequired\":true,\"valueName\":\"search_term_string\"}}],\"inLanguage\":\"de\"}]}<\/script>\n<!-- \/ Yoast SEO plugin. -->","yoast_head_json":{"title":"Shops - GTV - Club Tennis-Point","robots":{"index":"index","follow":"follow","max-snippet":"max-snippet:-1","max-image-preview":"max-image-preview:large","max-video-preview":"max-video-preview:-1"},"canonical":"https:\/\/www.club-tennis-point.de\/gtv\/onlineshops\/","og_locale":"de_DE","og_type":"article","og_title":"Shops - GTV - Club Tennis-Point","og_description":"[vc_row full_width=&#8220;stretch_row_content_no_spaces&#8220;][vc_column][\/vc_column][\/vc_row][vc_row bg_type=&#8220;color&#8220; bg_color=&#8220;#f2f2f3&#8243; full_width=&#8220;stretch_row_content&#8220;][vc_column][\/vc_column][\/vc_row]Weiterlesen","og_url":"https:\/\/www.club-tennis-point.de\/gtv\/onlineshops\/","og_site_name":"GTV - Club Tennis-Point","article_modified_time":"2026-03-15T21:15:37+00:00","twitter_card":"summary_large_image","twitter_misc":{"Gesch\u00e4tzte Lesezeit":"2\u00a0Minuten"},"schema":{"@context":"https:\/\/schema.org","@graph":[{"@type":"WebPage","@id":"https:\/\/www.club-tennis-point.de\/gtv\/onlineshops\/","url":"https:\/\/www.club-tennis-point.de\/gtv\/onlineshops\/","name":"Shops - GTV - Club Tennis-Point","isPartOf":{"@id":"https:\/\/www.club-tennis-point.de\/gtv\/#website"},"datePublished":"2021-04-09T07:58:28+00:00","dateModified":"2026-03-15T21:15:37+00:00","breadcrumb":{"@id":"https:\/\/www.club-tennis-point.de\/gtv\/onlineshops\/#breadcrumb"},"inLanguage":"de","potentialAction":[{"@type":"ReadAction","target":["https:\/\/www.club-tennis-point.de\/gtv\/onlineshops\/"]}]},{"@type":"BreadcrumbList","@id":"https:\/\/www.club-tennis-point.de\/gtv\/onlineshops\/#breadcrumb","itemListElement":[{"@type":"ListItem","position":1,"name":"Startseite","item":"https:\/\/www.club-tennis-point.de\/gtv\/"},{"@type":"ListItem","position":2,"name":"Shops"}]},{"@type":"WebSite","@id":"https:\/\/www.club-tennis-point.de\/gtv\/#website","url":"https:\/\/www.club-tennis-point.de\/gtv\/","name":"GTV - Club Tennis-Point","description":"Tennisclub der Zukunft","potentialAction":[{"@type":"SearchAction","target":{"@type":"EntryPoint","urlTemplate":"https:\/\/www.club-tennis-point.de\/gtv\/?s={search_term_string}"},"query-input":{"@type":"PropertyValueSpecification","valueRequired":true,"valueName":"search_term_string"}}],"inLanguage":"de"}]}},"_links":{"self":[{"href":"https:\/\/www.club-tennis-point.de\/gtv\/wp-json\/wp\/v2\/pages\/3613","targetHints":{"allow":["GET"]}}],"collection":[{"href":"https:\/\/www.club-tennis-point.de\/gtv\/wp-json\/wp\/v2\/pages"}],"about":[{"href":"https:\/\/www.club-tennis-point.de\/gtv\/wp-json\/wp\/v2\/types\/page"}],"author":[{"embeddable":true,"href":"https:\/\/www.club-tennis-point.de\/gtv\/wp-json\/wp\/v2\/users\/1"}],"replies":[{"embeddable":true,"href":"https:\/\/www.club-tennis-point.de\/gtv\/wp-json\/wp\/v2\/comments?post=3613"}],"version-history":[{"count":8,"href":"https:\/\/www.club-tennis-point.de\/gtv\/wp-json\/wp\/v2\/pages\/3613\/revisions"}],"predecessor-version":[{"id":5821,"href":"https:\/\/www.club-tennis-point.de\/gtv\/wp-json\/wp\/v2\/pages\/3613\/revisions\/5821"}],"wp:attachment":[{"href":"https:\/\/www.club-tennis-point.de\/gtv\/wp-json\/wp\/v2\/media?parent=3613"}],"curies":[{"name":"wp","href":"https:\/\/api.w.org\/{rel}","templated":true}]}}