{"id":4586,"date":"2022-06-20T08:42:02","date_gmt":"2022-06-20T06:42:02","guid":{"rendered":"https:\/\/www.club-tennis-point.de\/gtv\/?page_id=4586"},"modified":"2025-04-08T13:57:25","modified_gmt":"2025-04-08T11:57:25","slug":"fast-learning-buchen","status":"publish","type":"page","link":"https:\/\/www.club-tennis-point.de\/gtv\/fast-learning-buchen\/","title":{"rendered":"Fast Learning Kurs buchen"},"content":{"rendered":"<div class=\"wpb-content-wrapper\">[vc_row][vc_column]<h1 class=\"ttbase-heading text-align-center \" style=\"color: #0f0f0f;\"><span>TENNIS FAST-LEARNING KURSE 1, 2 &amp; 3<\/span><\/h1><h3 class=\"ttbase-heading text-align-center \" style=\"color: #0f0f0f;\"><span>EINSTEIGEN, SPIELEN UND JEDE MENGE SPIELSPASS ERLEBEN<\/span><\/h3>[\/vc_column][\/vc_row][vc_row][vc_column width=&#8220;1\/3&#8243; css=&#8220;.vc_custom_1630056587486{padding-top: 0px !important;}&#8220;][vc_column_text]\n<h3>EINFACHER EINSTIEG<\/h3>\n<ol>\n<li>B\u00e4lle und Schl\u00e4ger bekommst du von uns gestellt<\/li>\n<li>Der Tennis-Platz f\u00fcr den Kurs ist bereits gebucht<\/li>\n<li>Du brauchst erst ab Fast-Learning 2 eine Mitgliedschft<\/li>\n<li>Den Dress-Code und die Farbe deines T-Shirts bestimmst du<\/li>\n<\/ol>\n[\/vc_column_text][\/vc_column][vc_column width=&#8220;1\/3&#8243;]<p class=\"intro \">\n<h3>SOFORTIGER SPIELSPASS<\/h3>\n<ol>\n<li>Von Timing bis Ballgef\u00fchl &#8211; Mit den passenden B\u00e4llen (langsam bis schnell) bringen wir dir stufenweise das Tennis spielen bei<\/li>\n<li>Vielf\u00e4ltige Spiele auf angepassten Platzgr\u00f6\u00dfen verbessern konstant deine Spielst\u00e4rke<\/li>\n<li>Du spielst im Kurs mit gleich spielstarken Tennis-Anf\u00e4ngern.<\/li>\n<\/ol>\n<\/p>[\/vc_column][vc_column width=&#8220;1\/3&#8243;]<p class=\"intro \">\n<h3>SCHNELLE LERNERFOLGE<\/h3>\n<ol>\n<li>Nach dem Kurs beherrscht du alle wichtigen Schl\u00e4ge und Spieltechniken<\/li>\n<li>Im spielerischen Wettkampf lernst du Tennis spielen &#8211; mit und gegeneinander<\/li>\n<li>Du triffst unkompliziert neue Spielpartner und Freunde<\/li>\n<\/ol>\n<\/p>[\/vc_column][\/vc_row][vc_row][vc_column][vc_column_text css=&#8220;&#8220;]W\u00e4hrend eines Fast-Learning-Kurses bringen dir unsere geschulte und qualifizierten Trainer mit innovativen Trainingsmethoden Tennis spielen bei. Und zwar nicht theoretisch, sondern spielend &#8211; von der allerersten Stunde an. Das einzige, was du dazu brauchst, sind Sportschuhe und gute Laune.<\/p>\n<p><strong>Die Erfolgsformel Fast-Learning:<\/strong><br \/>\n&#8211; 7x 90 Minuten pro Woche Fast-Learning 1<br \/>\n&#8211; 5x 90 Minuten pro Woche Fast-Learning 2 (+ Empfehlung 1x freies Spiel pro Woche)<br \/>\n&#8211; 5x 90 Minuten pro Woche\u00a0 Fast-Learning 3 (in einer kleineren Gruppe)<br \/>\n&#8211; Anschlie\u00dfend gehts ins 4-5er Gruppentraining[\/vc_column_text][\/vc_column][\/vc_row][vc_row][\/vc_row][vc_column][\/vc_column][vc_row][vc_column][vc_raw_html css=&#8220;&#8220;]JTNDZGl2JTIwZGF0YS1ldmVyc3BvcnRzLXdpZGdldC1pZCUzRCUyMjM3Njg4YjU3LWEwZTItNDIxNS1hZTBjLTIwOTgyNmJjYWYzMiUyMiUzRSUwQSUzQyUyMS0tRiVDMyVCQ2dlJTIwZGFzJTIwU2tyaXB0JTIwbnVyJTIwZWlubWFsJTIwcHJvJTIwU2VpdGUlMjBlaW4uLS0lM0UlM0MlMkZkaXYlM0UlMEElM0NzY3JpcHQlMjB0eXBlJTNEJTIybW9kdWxlJTIyJTIwc3JjJTNEJTIyaHR0cHMlM0ElMkYlMkZ3aWRnZXQtc3RhdGljLmV2ZXJzcG9ydHMuaW8lMkZsb2FkZXIuanMlMjIlMjBhc3luYyUyMGRlZmVyJTNFJTNDJTJGc2NyaXB0JTNF[\/vc_raw_html][\/vc_column][\/vc_row]\n<\/div>","protected":false},"excerpt":{"rendered":"<p>[vc_row][vc_column][\/vc_column][\/vc_row][vc_row][vc_column width=&#8220;1\/3&#8243; css=&#8220;.vc_custom_1630056587486{padding-top: 0px !important;}&#8220;][vc_column_text] EINFACHER EINSTIEG B\u00e4lle und Schl\u00e4ger bekommst du von uns gestellt Der Tennis-Platz f\u00fcr den Kurs ist bereits gebucht Du brauchst erst ab Fast-Learning 2 eine Mitgliedschft Den Dress-Code und die Farbe deines T-Shirts bestimmst du [\/vc_column_text][\/vc_column][vc_column width=&#8220;1\/3&#8243;][\/vc_column][vc_column width=&#8220;1\/3&#8243;][\/vc_column][\/vc_row][vc_row][vc_column][vc_column_text css=&#8220;&#8220;]W\u00e4hrend eines Fast-Learning-Kurses bringen dir unsere geschulte und qualifizierten Trainer mit innovativen&#8230;<\/p>\n<div class=\"read-more-link-wrapper text-center\"><a class=\"read-more-link\" href=\"https:\/\/www.club-tennis-point.de\/gtv\/fast-learning-buchen\/\"><i class=\"icon-next\"><\/i>Weiterlesen<\/a><\/div>\n","protected":false},"author":1,"featured_media":0,"parent":0,"menu_order":0,"comment_status":"closed","ping_status":"open","template":"","meta":{"footnotes":""},"class_list":["post-4586","page","type-page","status-publish","hentry"],"yoast_head":"<!-- This site is optimized with the Yoast SEO plugin v27.1.1 - https:\/\/yoast.com\/product\/yoast-seo-wordpress\/ -->\n<title>Fast-Learning-Kurs in G\u00fctersloh buchen<\/title>\n<meta name=\"description\" content=\"Lust auf Tennis? Buche jetzt deinen Fast-Learning Kurse und lerne auf schnelle und moderne Art und Weise das Spiel mit der gelben Kugel\" \/>\n<meta name=\"robots\" content=\"index, follow, max-snippet:-1, max-image-preview:large, max-video-preview:-1\" \/>\n<link rel=\"canonical\" href=\"https:\/\/www.club-tennis-point.de\/gtv\/fast-learning-buchen\/\" \/>\n<meta property=\"og:locale\" content=\"de_DE\" \/>\n<meta property=\"og:type\" content=\"article\" \/>\n<meta property=\"og:title\" content=\"Fast-Learning-Kurs in G\u00fctersloh buchen\" \/>\n<meta property=\"og:description\" content=\"Lust auf Tennis? Buche jetzt deinen Fast-Learning Kurse und lerne auf schnelle und moderne Art und Weise das Spiel mit der gelben Kugel\" \/>\n<meta property=\"og:url\" content=\"https:\/\/www.club-tennis-point.de\/gtv\/fast-learning-buchen\/\" \/>\n<meta property=\"og:site_name\" content=\"GTV - Club Tennis-Point\" \/>\n<meta property=\"article:modified_time\" content=\"2025-04-08T11:57:25+00:00\" \/>\n<meta name=\"twitter:card\" content=\"summary_large_image\" \/>\n<meta name=\"twitter:label1\" content=\"Gesch\u00e4tzte Lesezeit\" \/>\n\t<meta name=\"twitter:data1\" content=\"1\u00a0Minute\" \/>\n<script type=\"application\/ld+json\" class=\"yoast-schema-graph\">{\"@context\":\"https:\/\/schema.org\",\"@graph\":[{\"@type\":\"WebPage\",\"@id\":\"https:\/\/www.club-tennis-point.de\/gtv\/fast-learning-buchen\/\",\"url\":\"https:\/\/www.club-tennis-point.de\/gtv\/fast-learning-buchen\/\",\"name\":\"Fast-Learning-Kurs in G\u00fctersloh buchen\",\"isPartOf\":{\"@id\":\"https:\/\/www.club-tennis-point.de\/gtv\/#website\"},\"datePublished\":\"2022-06-20T06:42:02+00:00\",\"dateModified\":\"2025-04-08T11:57:25+00:00\",\"description\":\"Lust auf Tennis? Buche jetzt deinen Fast-Learning Kurse und lerne auf schnelle und moderne Art und Weise das Spiel mit der gelben Kugel\",\"breadcrumb\":{\"@id\":\"https:\/\/www.club-tennis-point.de\/gtv\/fast-learning-buchen\/#breadcrumb\"},\"inLanguage\":\"de\",\"potentialAction\":[{\"@type\":\"ReadAction\",\"target\":[\"https:\/\/www.club-tennis-point.de\/gtv\/fast-learning-buchen\/\"]}]},{\"@type\":\"BreadcrumbList\",\"@id\":\"https:\/\/www.club-tennis-point.de\/gtv\/fast-learning-buchen\/#breadcrumb\",\"itemListElement\":[{\"@type\":\"ListItem\",\"position\":1,\"name\":\"Startseite\",\"item\":\"https:\/\/www.club-tennis-point.de\/gtv\/\"},{\"@type\":\"ListItem\",\"position\":2,\"name\":\"Fast Learning Kurs buchen\"}]},{\"@type\":\"WebSite\",\"@id\":\"https:\/\/www.club-tennis-point.de\/gtv\/#website\",\"url\":\"https:\/\/www.club-tennis-point.de\/gtv\/\",\"name\":\"GTV - Club Tennis-Point\",\"description\":\"Tennisclub der Zukunft\",\"potentialAction\":[{\"@type\":\"SearchAction\",\"target\":{\"@type\":\"EntryPoint\",\"urlTemplate\":\"https:\/\/www.club-tennis-point.de\/gtv\/?s={search_term_string}\"},\"query-input\":{\"@type\":\"PropertyValueSpecification\",\"valueRequired\":true,\"valueName\":\"search_term_string\"}}],\"inLanguage\":\"de\"}]}<\/script>\n<!-- \/ Yoast SEO plugin. -->","yoast_head_json":{"title":"Fast-Learning-Kurs in G\u00fctersloh buchen","description":"Lust auf Tennis? Buche jetzt deinen Fast-Learning Kurse und lerne auf schnelle und moderne Art und Weise das Spiel mit der gelben Kugel","robots":{"index":"index","follow":"follow","max-snippet":"max-snippet:-1","max-image-preview":"max-image-preview:large","max-video-preview":"max-video-preview:-1"},"canonical":"https:\/\/www.club-tennis-point.de\/gtv\/fast-learning-buchen\/","og_locale":"de_DE","og_type":"article","og_title":"Fast-Learning-Kurs in G\u00fctersloh buchen","og_description":"Lust auf Tennis? Buche jetzt deinen Fast-Learning Kurse und lerne auf schnelle und moderne Art und Weise das Spiel mit der gelben Kugel","og_url":"https:\/\/www.club-tennis-point.de\/gtv\/fast-learning-buchen\/","og_site_name":"GTV - Club Tennis-Point","article_modified_time":"2025-04-08T11:57:25+00:00","twitter_card":"summary_large_image","twitter_misc":{"Gesch\u00e4tzte Lesezeit":"1\u00a0Minute"},"schema":{"@context":"https:\/\/schema.org","@graph":[{"@type":"WebPage","@id":"https:\/\/www.club-tennis-point.de\/gtv\/fast-learning-buchen\/","url":"https:\/\/www.club-tennis-point.de\/gtv\/fast-learning-buchen\/","name":"Fast-Learning-Kurs in G\u00fctersloh buchen","isPartOf":{"@id":"https:\/\/www.club-tennis-point.de\/gtv\/#website"},"datePublished":"2022-06-20T06:42:02+00:00","dateModified":"2025-04-08T11:57:25+00:00","description":"Lust auf Tennis? Buche jetzt deinen Fast-Learning Kurse und lerne auf schnelle und moderne Art und Weise das Spiel mit der gelben Kugel","breadcrumb":{"@id":"https:\/\/www.club-tennis-point.de\/gtv\/fast-learning-buchen\/#breadcrumb"},"inLanguage":"de","potentialAction":[{"@type":"ReadAction","target":["https:\/\/www.club-tennis-point.de\/gtv\/fast-learning-buchen\/"]}]},{"@type":"BreadcrumbList","@id":"https:\/\/www.club-tennis-point.de\/gtv\/fast-learning-buchen\/#breadcrumb","itemListElement":[{"@type":"ListItem","position":1,"name":"Startseite","item":"https:\/\/www.club-tennis-point.de\/gtv\/"},{"@type":"ListItem","position":2,"name":"Fast Learning Kurs buchen"}]},{"@type":"WebSite","@id":"https:\/\/www.club-tennis-point.de\/gtv\/#website","url":"https:\/\/www.club-tennis-point.de\/gtv\/","name":"GTV - Club Tennis-Point","description":"Tennisclub der Zukunft","potentialAction":[{"@type":"SearchAction","target":{"@type":"EntryPoint","urlTemplate":"https:\/\/www.club-tennis-point.de\/gtv\/?s={search_term_string}"},"query-input":{"@type":"PropertyValueSpecification","valueRequired":true,"valueName":"search_term_string"}}],"inLanguage":"de"}]}},"_links":{"self":[{"href":"https:\/\/www.club-tennis-point.de\/gtv\/wp-json\/wp\/v2\/pages\/4586","targetHints":{"allow":["GET"]}}],"collection":[{"href":"https:\/\/www.club-tennis-point.de\/gtv\/wp-json\/wp\/v2\/pages"}],"about":[{"href":"https:\/\/www.club-tennis-point.de\/gtv\/wp-json\/wp\/v2\/types\/page"}],"author":[{"embeddable":true,"href":"https:\/\/www.club-tennis-point.de\/gtv\/wp-json\/wp\/v2\/users\/1"}],"replies":[{"embeddable":true,"href":"https:\/\/www.club-tennis-point.de\/gtv\/wp-json\/wp\/v2\/comments?post=4586"}],"version-history":[{"count":27,"href":"https:\/\/www.club-tennis-point.de\/gtv\/wp-json\/wp\/v2\/pages\/4586\/revisions"}],"predecessor-version":[{"id":5597,"href":"https:\/\/www.club-tennis-point.de\/gtv\/wp-json\/wp\/v2\/pages\/4586\/revisions\/5597"}],"wp:attachment":[{"href":"https:\/\/www.club-tennis-point.de\/gtv\/wp-json\/wp\/v2\/media?parent=4586"}],"curies":[{"name":"wp","href":"https:\/\/api.w.org\/{rel}","templated":true}]}}