{"id":5244,"date":"2024-05-13T14:12:27","date_gmt":"2024-05-13T12:12:27","guid":{"rendered":"https:\/\/www.club-tennis-point.de\/gtv\/?page_id=5244"},"modified":"2024-05-13T14:31:16","modified_gmt":"2024-05-13T12:31:16","slug":"padel-in-herzebrock","status":"publish","type":"page","link":"https:\/\/www.club-tennis-point.de\/gtv\/padel-in-herzebrock\/","title":{"rendered":"Padel in Herzebrock-Clarholz"},"content":{"rendered":"<div class=\"wpb-content-wrapper\">[vc_row top_padding=&#8220;150&#8243; bottom_padding=&#8220;200&#8243; bg_type=&#8220;image&#8220; bg_image=&#8220;5248&#8243; full_width=&#8220;stretch_row&#8220; content_placement=&#8220;middle&#8220; parallax=&#8220;content-moving-fade&#8220; css_animation=&#8220;fadeIn&#8220; min_height=&#8220;660px&#8220;][vc_column]<h2 class=\"ttbase-heading text-align-center teaser\" style=\"color: #0a0a0a;\"><span>PADEL Herzebrock-Clarholz<\/span><\/h2>[\/vc_column][\/vc_row][vc_row][vc_column]<h2 class=\"ttbase-heading text-align-center \" style=\"color: #0f0f0f;\"><span>DU HAST BOCK AUF PADEL UND SUCHST EINEN PASSENDEN PLATZ IM KREIS G\u00dcTERSLOH?<\/span><\/h2>[\/vc_column][\/vc_row][vc_row][vc_column css=&#8220;.vc_custom_1630056587486{padding-top: 0px !important;}&#8220;][vc_column_text css=&#8220;&#8220;]Dann bist Du hier genau richtig! Neben den zwei Pl\u00e4tzen beim GTV in G\u00fctersloh, findest du auch einen Padelplatz in <a href=\"https:\/\/www.herzebrock-clarholz.de\/\" target=\"_blank\" rel=\"noopener\">Herzebrock-Clarholz<\/a> beim Headquarter von <a href=\"https:\/\/www.tennis-point.de\/\" target=\"_blank\" rel=\"noopener\">Tennis-Point.<\/a><\/p>\n<p>D\u200d.h. sollten die Pl\u00e4tze am GTV mal ausgebucht sein, musst du nicht verzichten und kannst dir einen Platz in Herzebrock<strong><a href=\"https:\/\/www.eversports.de\/widget\/w\/0wqnb3\" target=\"_blank\" rel=\"noopener\">\u00a0online buchen.\u00a0<\/a><br \/>\n<\/strong><br \/>\nPadel ist die am schnellsten wachsende Trendsportart der Welt und nun kannst auch Du Teil dessen werden! In L\u00e4ndern wie Spanien hat Padel Tennis bereits \u00fcberholt. Auch in Schweden, Italien und Frankreich sowie den Benelux-L\u00e4ndern schie\u00dfen \u00fcberall neue Padelpl\u00e4tze aus dem Boden.<br \/>\n\u200d<br \/>\nWarum ist diese junge Sportart so auf dem Erfolgskurs? Dies ist relativ einfach zu erkl\u00e4ren: Durch den kleineren Schl\u00e4ger mit kurzem Griff ist die Augen-Hand-Koordination wesentlich einfacher zu bewerkstelligen. Im Wettkampfmodus wird grunds\u00e4tzlich nur Doppel gespielt, dies ist nicht so anstrengend und f\u00f6rdert das soziale Miteinander. Padel kann auf der einen Seite als Einstieg in den Tennissport dienen, ist aber auch f\u00fcr sich alleine eine Bet\u00e4tigung, die jede Menge Spa\u00df und gemeinschaftliche Erlebnisse bringt.<br \/>\nProbiere es doch mal aus!<\/p>\n<p><b><a href=\"https:\/\/www.eversports.de\/widget\/w\/0wqnb3\" target=\"_blank\" rel=\"noopener\">Reserviere jetzt einen Padelcourt!<\/a> Du hast keinen eigenen Padelschl\u00e4ger und m\u00f6chtest trotzdem spielen? Kein Problem denn bei uns kannst du dir bei der Platzbuchung auch kosteng\u00fcnstig ein Racket leihen.\u00a0<\/b>[\/vc_column_text][\/vc_column][\/vc_row][vc_row][vc_column width=&#8220;1\/3&#8243;]<a href=\"https:\/\/www.eversports.de\/widget\/w\/0wqnb3\" class=\"btn btn-primary style-2 \" target=\"_blank\" title=\"Jetzt Platz buchen\" rel=\"\"><span class=\"ttbase-button-inner\">Jetzt Platz buchen<\/span><\/a>[\/vc_column][vc_column width=&#8220;1\/3&#8243;][\/vc_column][vc_column width=&#8220;1\/3&#8243;][\/vc_column][\/vc_row][vc_row][vc_column][vc_gallery type=&#8220;flexslider_slide&#8220; interval=&#8220;5&#8243; images=&#8220;5250,5251,5252,5253,5254&#8243; img_size=&#8220;large&#8220; onclick=&#8220;&#8220; css=&#8220;&#8220; title=&#8220;Padel Herzebrock-Clarholz Galerie&#8220;][vc_video link=&#8220;https:\/\/www.youtube.com\/watch?v=M792hW1dmJw&#8220; align=&#8220;center&#8220;][\/vc_column][\/vc_row][vc_row][vc_column][\/vc_column][\/vc_row]\n<\/div>","protected":false},"excerpt":{"rendered":"<p>[vc_row top_padding=&#8220;150&#8243; bottom_padding=&#8220;200&#8243; bg_type=&#8220;image&#8220; bg_image=&#8220;5248&#8243; full_width=&#8220;stretch_row&#8220; content_placement=&#8220;middle&#8220; parallax=&#8220;content-moving-fade&#8220; css_animation=&#8220;fadeIn&#8220; min_height=&#8220;660px&#8220;][vc_column][\/vc_column][\/vc_row][vc_row][vc_column][\/vc_column][\/vc_row][vc_row][vc_column css=&#8220;.vc_custom_1630056587486{padding-top: 0px !important;}&#8220;][vc_column_text css=&#8220;&#8220;]Dann bist Du hier genau richtig! Neben den zwei Pl\u00e4tzen beim GTV in G\u00fctersloh, findest du auch einen Padelplatz in Herzebrock-Clarholz beim Headquarter von Tennis-Point. D\u200d.h. sollten die Pl\u00e4tze am GTV mal ausgebucht sein, musst du nicht verzichten und kannst dir einen&#8230;<\/p>\n<div class=\"read-more-link-wrapper text-center\"><a class=\"read-more-link\" href=\"https:\/\/www.club-tennis-point.de\/gtv\/padel-in-herzebrock\/\"><i class=\"icon-next\"><\/i>Weiterlesen<\/a><\/div>\n","protected":false},"author":1,"featured_media":0,"parent":0,"menu_order":0,"comment_status":"closed","ping_status":"closed","template":"","meta":{"footnotes":""},"class_list":["post-5244","page","type-page","status-publish","hentry"],"yoast_head":"<!-- This site is optimized with the Yoast SEO plugin v27.1.1 - https:\/\/yoast.com\/product\/yoast-seo-wordpress\/ -->\n<title>Padel in Herzebrock-Clarholz - GTV - Club Tennis-Point<\/title>\n<meta name=\"robots\" content=\"index, follow, max-snippet:-1, max-image-preview:large, max-video-preview:-1\" \/>\n<link rel=\"canonical\" href=\"https:\/\/www.club-tennis-point.de\/gtv\/padel-in-herzebrock\/\" \/>\n<meta property=\"og:locale\" content=\"de_DE\" \/>\n<meta property=\"og:type\" content=\"article\" \/>\n<meta property=\"og:title\" content=\"Padel in Herzebrock-Clarholz - GTV - Club Tennis-Point\" \/>\n<meta property=\"og:description\" content=\"[vc_row top_padding=&#8220;150&#8243; bottom_padding=&#8220;200&#8243; bg_type=&#8220;image&#8220; bg_image=&#8220;5248&#8243; full_width=&#8220;stretch_row&#8220; content_placement=&#8220;middle&#8220; parallax=&#8220;content-moving-fade&#8220; css_animation=&#8220;fadeIn&#8220; min_height=&#8220;660px&#8220;][vc_column][\/vc_column][\/vc_row][vc_row][vc_column][\/vc_column][\/vc_row][vc_row][vc_column css=&#8220;.vc_custom_1630056587486{padding-top: 0px !important;}&#8220;][vc_column_text css=&#8220;&#8220;]Dann bist Du hier genau richtig! Neben den zwei Pl\u00e4tzen beim GTV in G\u00fctersloh, findest du auch einen Padelplatz in Herzebrock-Clarholz beim Headquarter von Tennis-Point. D\u200d.h. sollten die Pl\u00e4tze am GTV mal ausgebucht sein, musst du nicht verzichten und kannst dir einen...Weiterlesen\" \/>\n<meta property=\"og:url\" content=\"https:\/\/www.club-tennis-point.de\/gtv\/padel-in-herzebrock\/\" \/>\n<meta property=\"og:site_name\" content=\"GTV - Club Tennis-Point\" \/>\n<meta property=\"article:modified_time\" content=\"2024-05-13T12:31:16+00:00\" \/>\n<meta name=\"twitter:card\" content=\"summary_large_image\" \/>\n<meta name=\"twitter:label1\" content=\"Gesch\u00e4tzte Lesezeit\" \/>\n\t<meta name=\"twitter:data1\" content=\"2\u00a0Minuten\" \/>\n<script type=\"application\/ld+json\" class=\"yoast-schema-graph\">{\"@context\":\"https:\/\/schema.org\",\"@graph\":[{\"@type\":\"WebPage\",\"@id\":\"https:\/\/www.club-tennis-point.de\/gtv\/padel-in-herzebrock\/\",\"url\":\"https:\/\/www.club-tennis-point.de\/gtv\/padel-in-herzebrock\/\",\"name\":\"Padel in Herzebrock-Clarholz - GTV - Club Tennis-Point\",\"isPartOf\":{\"@id\":\"https:\/\/www.club-tennis-point.de\/gtv\/#website\"},\"datePublished\":\"2024-05-13T12:12:27+00:00\",\"dateModified\":\"2024-05-13T12:31:16+00:00\",\"breadcrumb\":{\"@id\":\"https:\/\/www.club-tennis-point.de\/gtv\/padel-in-herzebrock\/#breadcrumb\"},\"inLanguage\":\"de\",\"potentialAction\":[{\"@type\":\"ReadAction\",\"target\":[\"https:\/\/www.club-tennis-point.de\/gtv\/padel-in-herzebrock\/\"]}]},{\"@type\":\"BreadcrumbList\",\"@id\":\"https:\/\/www.club-tennis-point.de\/gtv\/padel-in-herzebrock\/#breadcrumb\",\"itemListElement\":[{\"@type\":\"ListItem\",\"position\":1,\"name\":\"Startseite\",\"item\":\"https:\/\/www.club-tennis-point.de\/gtv\/\"},{\"@type\":\"ListItem\",\"position\":2,\"name\":\"Padel in Herzebrock-Clarholz\"}]},{\"@type\":\"WebSite\",\"@id\":\"https:\/\/www.club-tennis-point.de\/gtv\/#website\",\"url\":\"https:\/\/www.club-tennis-point.de\/gtv\/\",\"name\":\"GTV - Club Tennis-Point\",\"description\":\"Tennisclub der Zukunft\",\"potentialAction\":[{\"@type\":\"SearchAction\",\"target\":{\"@type\":\"EntryPoint\",\"urlTemplate\":\"https:\/\/www.club-tennis-point.de\/gtv\/?s={search_term_string}\"},\"query-input\":{\"@type\":\"PropertyValueSpecification\",\"valueRequired\":true,\"valueName\":\"search_term_string\"}}],\"inLanguage\":\"de\"}]}<\/script>\n<!-- \/ Yoast SEO plugin. -->","yoast_head_json":{"title":"Padel in Herzebrock-Clarholz - GTV - Club Tennis-Point","robots":{"index":"index","follow":"follow","max-snippet":"max-snippet:-1","max-image-preview":"max-image-preview:large","max-video-preview":"max-video-preview:-1"},"canonical":"https:\/\/www.club-tennis-point.de\/gtv\/padel-in-herzebrock\/","og_locale":"de_DE","og_type":"article","og_title":"Padel in Herzebrock-Clarholz - GTV - Club Tennis-Point","og_description":"[vc_row top_padding=&#8220;150&#8243; bottom_padding=&#8220;200&#8243; bg_type=&#8220;image&#8220; bg_image=&#8220;5248&#8243; full_width=&#8220;stretch_row&#8220; content_placement=&#8220;middle&#8220; parallax=&#8220;content-moving-fade&#8220; css_animation=&#8220;fadeIn&#8220; min_height=&#8220;660px&#8220;][vc_column][\/vc_column][\/vc_row][vc_row][vc_column][\/vc_column][\/vc_row][vc_row][vc_column css=&#8220;.vc_custom_1630056587486{padding-top: 0px !important;}&#8220;][vc_column_text css=&#8220;&#8220;]Dann bist Du hier genau richtig! Neben den zwei Pl\u00e4tzen beim GTV in G\u00fctersloh, findest du auch einen Padelplatz in Herzebrock-Clarholz beim Headquarter von Tennis-Point. D\u200d.h. sollten die Pl\u00e4tze am GTV mal ausgebucht sein, musst du nicht verzichten und kannst dir einen...Weiterlesen","og_url":"https:\/\/www.club-tennis-point.de\/gtv\/padel-in-herzebrock\/","og_site_name":"GTV - Club Tennis-Point","article_modified_time":"2024-05-13T12:31:16+00:00","twitter_card":"summary_large_image","twitter_misc":{"Gesch\u00e4tzte Lesezeit":"2\u00a0Minuten"},"schema":{"@context":"https:\/\/schema.org","@graph":[{"@type":"WebPage","@id":"https:\/\/www.club-tennis-point.de\/gtv\/padel-in-herzebrock\/","url":"https:\/\/www.club-tennis-point.de\/gtv\/padel-in-herzebrock\/","name":"Padel in Herzebrock-Clarholz - GTV - Club Tennis-Point","isPartOf":{"@id":"https:\/\/www.club-tennis-point.de\/gtv\/#website"},"datePublished":"2024-05-13T12:12:27+00:00","dateModified":"2024-05-13T12:31:16+00:00","breadcrumb":{"@id":"https:\/\/www.club-tennis-point.de\/gtv\/padel-in-herzebrock\/#breadcrumb"},"inLanguage":"de","potentialAction":[{"@type":"ReadAction","target":["https:\/\/www.club-tennis-point.de\/gtv\/padel-in-herzebrock\/"]}]},{"@type":"BreadcrumbList","@id":"https:\/\/www.club-tennis-point.de\/gtv\/padel-in-herzebrock\/#breadcrumb","itemListElement":[{"@type":"ListItem","position":1,"name":"Startseite","item":"https:\/\/www.club-tennis-point.de\/gtv\/"},{"@type":"ListItem","position":2,"name":"Padel in Herzebrock-Clarholz"}]},{"@type":"WebSite","@id":"https:\/\/www.club-tennis-point.de\/gtv\/#website","url":"https:\/\/www.club-tennis-point.de\/gtv\/","name":"GTV - Club Tennis-Point","description":"Tennisclub der Zukunft","potentialAction":[{"@type":"SearchAction","target":{"@type":"EntryPoint","urlTemplate":"https:\/\/www.club-tennis-point.de\/gtv\/?s={search_term_string}"},"query-input":{"@type":"PropertyValueSpecification","valueRequired":true,"valueName":"search_term_string"}}],"inLanguage":"de"}]}},"_links":{"self":[{"href":"https:\/\/www.club-tennis-point.de\/gtv\/wp-json\/wp\/v2\/pages\/5244","targetHints":{"allow":["GET"]}}],"collection":[{"href":"https:\/\/www.club-tennis-point.de\/gtv\/wp-json\/wp\/v2\/pages"}],"about":[{"href":"https:\/\/www.club-tennis-point.de\/gtv\/wp-json\/wp\/v2\/types\/page"}],"author":[{"embeddable":true,"href":"https:\/\/www.club-tennis-point.de\/gtv\/wp-json\/wp\/v2\/users\/1"}],"replies":[{"embeddable":true,"href":"https:\/\/www.club-tennis-point.de\/gtv\/wp-json\/wp\/v2\/comments?post=5244"}],"version-history":[{"count":9,"href":"https:\/\/www.club-tennis-point.de\/gtv\/wp-json\/wp\/v2\/pages\/5244\/revisions"}],"predecessor-version":[{"id":5259,"href":"https:\/\/www.club-tennis-point.de\/gtv\/wp-json\/wp\/v2\/pages\/5244\/revisions\/5259"}],"wp:attachment":[{"href":"https:\/\/www.club-tennis-point.de\/gtv\/wp-json\/wp\/v2\/media?parent=5244"}],"curies":[{"name":"wp","href":"https:\/\/api.w.org\/{rel}","templated":true}]}}